{"id":879,"date":"2021-10-29T08:15:42","date_gmt":"2021-10-29T08:15:42","guid":{"rendered":"https:\/\/demo.athemes.com\/sydney-main\/?page_id=5"},"modified":"2026-02-12T22:29:27","modified_gmt":"2026-02-12T22:29:27","slug":"my-front-page","status":"publish","type":"page","link":"https:\/\/zr-keramik.ch\/","title":{"rendered":"My front page"},"content":{"rendered":"\t\t<div data-elementor-type=\"wp-page\" data-elementor-id=\"879\" class=\"elementor elementor-879\">\n\t\t\t\t<div class=\"elementor-element elementor-element-8b16c9e e-flex e-con-boxed e-con e-parent\" data-id=\"8b16c9e\" data-element_type=\"container\" data-e-type=\"container\" data-settings=\"{&quot;background_background&quot;:&quot;slideshow&quot;,&quot;background_slideshow_gallery&quot;:[{&quot;id&quot;:959,&quot;url&quot;:&quot;https:\\\/\\\/zr-keramik.ch\\\/wp-content\\\/uploads\\\/2026\\\/02\\\/zr_keramik_hader-1-scaled.jpeg&quot;},{&quot;id&quot;:958,&quot;url&quot;:&quot;https:\\\/\\\/zr-keramik.ch\\\/wp-content\\\/uploads\\\/2026\\\/02\\\/badew._zrjpeg-scaled.jpeg&quot;}],&quot;background_slideshow_loop&quot;:&quot;yes&quot;,&quot;background_slideshow_slide_duration&quot;:5000,&quot;background_slideshow_slide_transition&quot;:&quot;fade&quot;,&quot;background_slideshow_transition_duration&quot;:500}\">\n\t\t\t\t\t<div class=\"e-con-inner\">\n\t\t<div class=\"elementor-element elementor-element-2405bdd e-con-full e-flex e-con e-child\" data-id=\"2405bdd\" data-element_type=\"container\" data-e-type=\"container\">\n\t\t\t\t<div class=\"elementor-element elementor-element-b3cb949 elementor-widget elementor-widget-image\" data-id=\"b3cb949\" data-element_type=\"widget\" data-e-type=\"widget\" data-widget_type=\"image.default\">\n\t\t\t\t\t\t\t\t\t\t\t\t\t\t\t<img fetchpriority=\"high\" decoding=\"async\" width=\"768\" height=\"269\" src=\"https:\/\/zr-keramik.ch\/wp-content\/uploads\/2026\/02\/Zr-keramik-logo-New-2023-1-768x269-1.png\" class=\"attachment-large size-large wp-image-946\" alt=\"\" srcset=\"https:\/\/zr-keramik.ch\/wp-content\/uploads\/2026\/02\/Zr-keramik-logo-New-2023-1-768x269-1.png 768w, https:\/\/zr-keramik.ch\/wp-content\/uploads\/2026\/02\/Zr-keramik-logo-New-2023-1-768x269-1-300x105.png 300w, https:\/\/zr-keramik.ch\/wp-content\/uploads\/2026\/02\/Zr-keramik-logo-New-2023-1-768x269-1-230x81.png 230w, https:\/\/zr-keramik.ch\/wp-content\/uploads\/2026\/02\/Zr-keramik-logo-New-2023-1-768x269-1-350x123.png 350w, https:\/\/zr-keramik.ch\/wp-content\/uploads\/2026\/02\/Zr-keramik-logo-New-2023-1-768x269-1-480x168.png 480w\" sizes=\"(max-width: 768px) 100vw, 768px\" \/>\t\t\t\t\t\t\t\t\t\t\t\t\t\t\t<\/div>\n\t\t\t\t<\/div>\n\t\t\t\t\t<\/div>\n\t\t\t\t<\/div>\n\t\t<div class=\"elementor-element elementor-element-0a74fb1 e-flex e-con-boxed e-con e-parent\" data-id=\"0a74fb1\" data-element_type=\"container\" data-e-type=\"container\" data-settings=\"{&quot;background_background&quot;:&quot;classic&quot;}\">\n\t\t\t\t\t<div class=\"e-con-inner\">\n\t\t<div class=\"elementor-element elementor-element-3590bd4 e-con-full e-flex e-con e-child\" data-id=\"3590bd4\" data-element_type=\"container\" data-e-type=\"container\">\n\t\t\t\t<div class=\"elementor-element elementor-element-2b92469 elementor-widget elementor-widget-heading\" data-id=\"2b92469\" data-element_type=\"widget\" data-e-type=\"widget\" data-widget_type=\"heading.default\">\n\t\t\t\t\t<h2 class=\"elementor-heading-title elementor-size-default\">WIR VERLEGEN IHNEN DIE WELT ZU F\u00dcSSEN.\n<\/h2>\t\t\t\t<\/div>\n\t\t\t\t<div class=\"elementor-element elementor-element-73b6ac1 elementor-widget elementor-widget-text-editor\" data-id=\"73b6ac1\" data-element_type=\"widget\" data-e-type=\"widget\" data-widget_type=\"text-editor.default\">\n\t\t\t\t\t\t\t\t\t<p>hr Fachmann, wenn es um die Verlegung von Fliesen, Platten, Mosaik und Naturstein geht. Unser Anspruch ist es, jedem Kunden die optimale L\u00f6sung anzubieten, die W\u00fcnsche und Vorstellungen in sich vereint. Ob Neu- oder Ausbau, Sanierung oder Reparaturen im Bad, K\u00fcche, Wohnraum oder gewerblichen R\u00e4umen, wir beraten Sie gern.<\/p><p>Als Fliesenleger sind wir ein wichtiger Teil der Bauindustrie. Unsere Arbeit umfasst das Verlegen von Fliesen auf B\u00f6den, W\u00e4nden, Treppen und anderen Oberfl\u00e4chen in Wohn- und Gewerbegeb\u00e4uden. Unser Ziel ist es, eine robuste und \u00e4sthetisch ansprechende Oberfl\u00e4che zu schaffen, die den Anforderungen des Kunden entspricht.<br \/>Um erfolgreich zu sein, m\u00fcssen wir \u00fcber ein breites Spektrum an F\u00e4higkeiten verf\u00fcgen. Dazu geh\u00f6rt eine sehr gute Kenntnis der verschiedenen Arten von Fliesen, Klebstoffen und Fugenmassen sowie deren Eigenschaften und Anwendungsm\u00f6glichkeiten. Wir m\u00fcssen auch in der Lage sein, komplexe Muster und Designs zu planen und umzusetzen, um eine einzigartige und ansprechende Oberfl\u00e4che zu schaffen.<br \/>Ein weiterer wichtiger Aspekt unser Arbeit ist die regelm\u00e4ssige Vorbereitung der Oberfl\u00e4che, auf der die Fliesen verlegt werden sollen. Dies umfasst das Entfernen von altem Bodenbelag, das Nivellieren des Bodens und das Anbringen von Dichtungsmaterialien, um sicherzustellen, dass die Oberfl\u00e4che vor Feuchtigkeit und Schimmel gesch\u00fctzt ist.<br \/>Als Fliesenleger sind wir auch f\u00fcr die Einhaltung von Sicherheitsstandards verantwortlich. Wir m\u00fcssen sicherstellen, dass die Oberfl\u00e4che rutschfest ist und dass die Fliesen ordnungsgem\u00e4ss verlegt sind, um Eingriffe\u00a0 oder Besch\u00e4digungen zu vermeiden.<br \/>Insgesamt erfordert die Arbeit als Fliesenleger viel Fachwissen und Sorgfalt.\u00a0<\/p>\t\t\t\t\t\t\t\t<\/div>\n\t\t\t\t<\/div>\n\t\t<div class=\"elementor-element elementor-element-f052b24 e-con-full e-flex e-con e-child\" data-id=\"f052b24\" data-element_type=\"container\" data-e-type=\"container\">\n\t\t\t\t<div class=\"elementor-element elementor-element-81d861a stretch-right elementor-widget elementor-widget-image\" data-id=\"81d861a\" data-element_type=\"widget\" data-e-type=\"widget\" data-widget_type=\"image.default\">\n\t\t\t\t\t\t\t\t\t\t\t\t\t\t\t<img decoding=\"async\" width=\"640\" height=\"427\" src=\"https:\/\/zr-keramik.ch\/wp-content\/uploads\/2026\/02\/zr-keramik_fliesenlegearbeiten.jpg\" class=\"attachment-large size-large wp-image-945\" alt=\"\" srcset=\"https:\/\/zr-keramik.ch\/wp-content\/uploads\/2026\/02\/zr-keramik_fliesenlegearbeiten.jpg 640w, https:\/\/zr-keramik.ch\/wp-content\/uploads\/2026\/02\/zr-keramik_fliesenlegearbeiten-300x200.jpg 300w, https:\/\/zr-keramik.ch\/wp-content\/uploads\/2026\/02\/zr-keramik_fliesenlegearbeiten-230x153.jpg 230w, https:\/\/zr-keramik.ch\/wp-content\/uploads\/2026\/02\/zr-keramik_fliesenlegearbeiten-350x234.jpg 350w, https:\/\/zr-keramik.ch\/wp-content\/uploads\/2026\/02\/zr-keramik_fliesenlegearbeiten-480x320.jpg 480w\" sizes=\"(max-width: 640px) 100vw, 640px\" \/>\t\t\t\t\t\t\t\t\t\t\t\t\t\t\t<\/div>\n\t\t\t\t<div class=\"elementor-element elementor-element-2692cc7 stretch-right elementor-widget elementor-widget-image\" data-id=\"2692cc7\" data-element_type=\"widget\" data-e-type=\"widget\" data-widget_type=\"image.default\">\n\t\t\t\t\t\t\t\t\t\t\t\t\t\t\t<img decoding=\"async\" width=\"666\" height=\"1000\" src=\"https:\/\/zr-keramik.ch\/wp-content\/uploads\/2026\/02\/zr-keramik_fliesen.jpg\" class=\"attachment-large size-large wp-image-947\" alt=\"\" srcset=\"https:\/\/zr-keramik.ch\/wp-content\/uploads\/2026\/02\/zr-keramik_fliesen.jpg 666w, https:\/\/zr-keramik.ch\/wp-content\/uploads\/2026\/02\/zr-keramik_fliesen-200x300.jpg 200w, https:\/\/zr-keramik.ch\/wp-content\/uploads\/2026\/02\/zr-keramik_fliesen-230x345.jpg 230w, https:\/\/zr-keramik.ch\/wp-content\/uploads\/2026\/02\/zr-keramik_fliesen-350x526.jpg 350w, https:\/\/zr-keramik.ch\/wp-content\/uploads\/2026\/02\/zr-keramik_fliesen-480x721.jpg 480w\" sizes=\"(max-width: 666px) 100vw, 666px\" \/>\t\t\t\t\t\t\t\t\t\t\t\t\t\t\t<\/div>\n\t\t\t\t<\/div>\n\t\t\t\t\t<\/div>\n\t\t\t\t<\/div>\n\t\t<div class=\"elementor-element elementor-element-d571318 e-con-full e-flex e-con e-parent\" data-id=\"d571318\" data-element_type=\"container\" data-e-type=\"container\">\n\t\t\t\t<div class=\"elementor-element elementor-element-06f533d elementor-widget elementor-widget-google_maps\" data-id=\"06f533d\" data-element_type=\"widget\" data-e-type=\"widget\" data-widget_type=\"google_maps.default\">\n\t\t\t\t\t\t\t<div class=\"elementor-custom-embed\">\n\t\t\t<iframe loading=\"lazy\"\n\t\t\t\t\tsrc=\"https:\/\/maps.google.com\/maps?q=Bahnhofstrasse%2016%209200%20Gossau&#038;t=m&#038;z=10&#038;output=embed&#038;iwloc=near\"\n\t\t\t\t\ttitle=\"Bahnhofstrasse 16 9200 Gossau\"\n\t\t\t\t\taria-label=\"Bahnhofstrasse 16 9200 Gossau\"\n\t\t\t><\/iframe>\n\t\t<\/div>\n\t\t\t\t\t\t<\/div>\n\t\t\t\t<\/div>\n\t\t\t\t<\/div>\n\t\t","protected":false},"excerpt":{"rendered":"<p>WIR VERLEGEN IHNEN DIE WELT ZU F\u00dcSSEN. hr Fachmann, wenn es um die Verlegung von Fliesen, Platten, Mosaik und Naturstein geht. Unser [&hellip;]<\/p>\n","protected":false},"author":1,"featured_media":0,"parent":0,"menu_order":0,"comment_status":"closed","ping_status":"closed","template":"page-templates\/page_front-page.php","meta":{"footnotes":""},"class_list":["post-879","page","type-page","status-publish","hentry"],"_links":{"self":[{"href":"https:\/\/zr-keramik.ch\/index.php\/wp-json\/wp\/v2\/pages\/879","targetHints":{"allow":["GET"]}}],"collection":[{"href":"https:\/\/zr-keramik.ch\/index.php\/wp-json\/wp\/v2\/pages"}],"about":[{"href":"https:\/\/zr-keramik.ch\/index.php\/wp-json\/wp\/v2\/types\/page"}],"author":[{"embeddable":true,"href":"https:\/\/zr-keramik.ch\/index.php\/wp-json\/wp\/v2\/users\/1"}],"replies":[{"embeddable":true,"href":"https:\/\/zr-keramik.ch\/index.php\/wp-json\/wp\/v2\/comments?post=879"}],"version-history":[{"count":12,"href":"https:\/\/zr-keramik.ch\/index.php\/wp-json\/wp\/v2\/pages\/879\/revisions"}],"predecessor-version":[{"id":1015,"href":"https:\/\/zr-keramik.ch\/index.php\/wp-json\/wp\/v2\/pages\/879\/revisions\/1015"}],"wp:attachment":[{"href":"https:\/\/zr-keramik.ch\/index.php\/wp-json\/wp\/v2\/media?parent=879"}],"curies":[{"name":"wp","href":"https:\/\/api.w.org\/{rel}","templated":true}]}}